the prime factors of 12765306?
2, 3, 311, 6841
List the prime factors of 423089.
59, 71, 101
What are the prime factors of 2270064?
2, 3, 47293
What are the prime factors of 2946439?
2946439
List the prime factors of 1655627.
1655627
What are the prime factors of 31104716?
2, 37, 73, 2879
What are the prime factors of 521686?
2, 11, 23, 1031
List the prime factors of 8951570.
2, 5, 895157
List the prime factors of 7968977.
239, 33343
What are the prime factors of 1562548?
2, 13, 151, 199
List the prime factors of 11328667.
7, 137, 11813
What are the prime factors of 47008?
2, 13, 113
List the prime factors of 178538.
2, 89269
What are the prime factors of 1959128?
2, 19, 12889
List the prime factors of 4024125.
3, 5, 7, 73
What are the prime factors of 450886?
2, 151, 1493
List the prime factors of 8872.
2, 1109
What are the prime factors of 1736423?
13, 133571
List the prime factors of 112476.
2, 3, 7, 13, 103
List the prime factors of 1445809.
31, 46639
List the prime factors of 3348425.
5, 151, 887
List the prime factors of 1018953.
3, 13, 2903
What are the prime factors of 219774?
2, 3, 36629
List the prime factors of 43713.
3, 1619
What are the prime factors of 2324446?
2, 1162223
List the prime factors of 187996.
2, 43, 1093
List the prime factors of 1886800.
2, 5, 53, 89
What are the prime factors of 440029?
131, 3359
List the prime factors of 3165459.
3, 11, 95923
List the prime factors of 592757.
11, 53887
What are the prime factors of 41220?
2, 3, 5, 229
List the prime factors of 509264.
2, 7, 4547
List the prime factors of 373717.
373717
List the prime factors of 9439790.
2, 5, 29, 43, 757
List the prime factors of 161039.
161039
What are the prime factors of 1711612?
2, 7, 61129
What are the prime factors of 84674?
2, 42337
What are the prime factors of 36249795?
3, 5, 268517
List the prime factors of 227847.
3, 53, 1433
List the prime factors of 21068461.
241, 87421
What are the prime factors of 195500?
2, 5, 17, 23
What are the prime factors of 2024934?
2, 3, 337489
What are the prime factors of 136294?
2, 68147
What are the prime factors of 381293?
11, 17, 2039
List the prime factors of 18728.
2, 2341
List the prime factors of 700190.
2, 5, 70019
What are the prime factors of 42503?
19, 2237
What are the prime factors of 1845520?
2, 5, 17, 23, 59
What are the prime factors of 1120392?
2, 3, 7, 13, 19
What are the prime factors of 12683203?
13, 19, 51349
List the prime factors of 1045788.
2, 3, 87149
What are the prime factors of 2988079?
2988079
List the prime factors of 7462987.
7, 1066141
What are the prime factors of 521504?
2, 43, 379
List the prime factors of 70171.
47, 1493
What are the prime factors of 27920?
2, 5, 349
List the prime factors of 583868.
2, 145967
What are the prime factors of 4171311?
3, 154493
List the prime factors of 118849.
157, 757
What are the prime factors of 6229800?
2, 3, 5, 3461
List the prime factors of 5624795.
5, 11, 31, 3299
What are the prime factors of 920925?
3, 5, 4093
List the prime factors of 35762.
2, 17881
What are the prime factors of 19569706?
2, 13, 752681
What are the prime factors of 1854814?
2, 13, 71339
What are the prime factors of 33912467?
17, 101, 19751
List the prime factors of 238750.
2, 5, 191
List the prime factors of 668957.
557, 1201
List the prime factors of 320045.
5, 11, 23
List the prime factors of 1593155.
5, 17, 18743
What are the prime factors of 15006838?
2, 7, 11, 13921
List the prime factors of 864815.
5, 7, 24709
List the prime factors of 3692879.
61, 60539
What are the prime factors of 973167?
3, 13, 24953
What are the prime factors of 9018969?
3, 3006323
What are the prime factors of 209598?
2, 3, 181, 193
What are the prime factors of 2846586?
2, 3, 137, 3463
List the prime factors of 963799.
963799
What are the prime factors of 817904?
2, 17, 31, 97
List the prime factors of 732693.
3, 13, 18787
What are the prime factors of 847061?
29, 29209
What are the prime factors of 4184517?
3, 229, 6091
What are the prime factors of 6617465?
5, 131, 10103
List the prime factors of 2492072.
2, 11, 28319
What are the prime factors of 392686?
2, 7, 4007
What are the prime factors of 430413?
3, 53, 2707
What are the prime factors of 20575967?
17, 1210351
List the prime factors of 525009.
3, 175003
What are the prime factors of 475719?
3, 158573
List the prime factors of 100570.
2, 5, 89, 113
List the prime factors of 7854726.
2, 3, 11, 61, 1951
What are the prime factors of 1084198?
2, 89, 6091
What are the prime factors of 300977?
300977
List the prime factors of 937151.
937151
What are the prime factors of 602904?
2, 3, 25121
What are the prime factors of 8874791?
8874791
List the prime factors of 1031672.
2, 128959
What are the prime factors of 363526?
2, 181763
List the prime factors of 223900.
2, 5, 2239
What are the prime factors of 15933912?
2, 3, 41, 16193
What are the prime factors of 9951416?
2, 1243927
List the prime factors of 1307737.
919, 1423
List the prime factors of 190888.
2, 107, 223
List the prime factors of 26298630.
2, 3, 5, 41, 7127
List the prime factors of 4264119.
3, 101, 4691
What are the prime factors of 4025534?
2, 2012767
List the prime factors of 20698662.
2, 3, 113, 30529
What are the prime factors of 7165879?
7, 1023697
List the prime factors of 3087988.
2, 771997
What are the prime factors of 13317376?
2, 52021
List the prime factors of 1152938.
2, 576469
List the prime factors of 8501589.
3, 944621
What are the prime factors of 2734582?
2, 1367291
List the prime factors of 372417.
3, 124139
What are the prime factors of 167871?
3, 11, 5087
What are the prime factors of 933205?
5, 7, 13, 293
List the prime factors of 4187501.
4187501
What are the prime factors of 157572?
2, 3, 1459
List the prime factors of 350157.
3, 116719
What are the prime factors of 729652?
2, 7, 11, 23, 103
List the prime factors of 90983.
37, 2459
List the prime factors of 636731.
636731
What are the prime factors of 82479?
3, 19, 1447
What are the prime factors of 10180065?
3, 5, 7, 96953
List the prime factors of 503767.
11, 41, 1117
What are the prime factors of 245920?
2, 5, 29, 53
List the prime factors of 19455.
3, 5, 1297
What are the prime factors of 1853979?
3, 41, 15073
What are the prime factors of 32263013?
83, 388711
List the prime factors of 5819235.
3, 5, 139, 2791
What are the prime factors of 56505?
3, 5, 3767
List the prime factors of 403030.
2, 5, 41, 983
What are the prime factors of 6040839?
3, 7, 307, 937
List the prime factors of 192679.
19, 10141
List the prime factors of 4563.
3, 13
What are the prime factors of 159086?
2, 17, 4679
What are the prime factors of 8811906?
2, 3, 1468651
List the prime factors of 36396555.
3, 5, 13, 186649
What are the prime factors of 9557222?
2, 4778611
What are the prime factors of 5825408?
2, 71, 641
What are the prime factors of 28962?
2, 3, 1609
List the prime factors of 12707.
97, 131
What are the prime factors of 332602?
2, 166301
What are the prime factors of 153306?
2, 3, 17, 167
List the prime factors of 286947.
3, 31883
What are the prime factors of 896754?
2, 3, 149459
List the prime factors of 65573.
23, 2851
List the prime factors of 612150.
2, 3, 5, 7, 11, 53
What are the prime factors of 80736?
2, 3, 29
What are the prime factors of 26099073?
3, 7, 11, 13, 2897
What are the prime factors of 20531?
7, 419
List the prime factors of 29167.
29167
What are the prime factors of 855167?
101, 8467
What are the prime factors of 115284?
2, 3, 13, 739
What are the prime factors of 343177?
343177
What are the prime factors of 86290?
2, 5, 8629
What are the prime factors of 20750174?
2, 103, 263, 383
List the prime factors of 30457.
7, 19, 229
What are the prime factors of 862680?
2, 3, 5, 7, 13, 79
List the prime factors of 2370942.
2, 3, 7, 31, 607
List the prime factors of 1266236.
2, 19, 16661
What are the prime factors of 10755?
3, 5, 239
What are the prime factors of 681070?
2, 5, 13, 31
List the prime factors of 1397876.
2, 17, 61, 337
What are the prime factors of 376001?
376001
List the prime factors of 76512.
2, 3, 797
What are the prime factors of 958358?
2, 17, 71, 397
What are the prime factors of 5497529?
23, 239023
What are the prime factors of 2399043?
3, 37, 21613
List the prime f